{"id":52,"date":"2019-11-07T19:27:30","date_gmt":"2019-11-07T19:27:30","guid":{"rendered":"http:\/\/www.rehlax.at\/?page_id=52"},"modified":"2023-06-16T15:09:04","modified_gmt":"2023-06-16T15:09:04","slug":"ueber-mich","status":"publish","type":"page","link":"https:\/\/www.rehlax.at\/?page_id=52","title":{"rendered":"\u00dcber mich"},"content":{"rendered":"<div class=\"wp-block-image\">\n<figure class=\"alignright\"><img loading=\"lazy\" decoding=\"async\" width=\"281\" height=\"500\" src=\"https:\/\/www.rehlax.at\/wp-content\/uploads\/2020\/01\/Profilbild1.jpeg\" alt=\"\" class=\"wp-image-277\" srcset=\"https:\/\/www.rehlax.at\/wp-content\/uploads\/2020\/01\/Profilbild1.jpeg 281w, https:\/\/www.rehlax.at\/wp-content\/uploads\/2020\/01\/Profilbild1-169x300.jpeg 169w\" sizes=\"auto, (max-width: 281px) 100vw, 281px\" \/><figcaption class=\"wp-element-caption\">Nicole Steflitsch &#8211; Energetikerin<\/figcaption><\/figure>\n<\/div>\n\n\n<p>Ich wurde 1982 in Oberndorf bei Salzburg geboren und wohnte bis zu meinem siebten Lebensjahr in Tarsdorf und dann in Eggelsberg. Dort besuchte ich die Schule und erlernte einen technischen Beruf. Mit 18 Jahren zog ich dann nach Braunau und absolviere seit dieser Zeit regelm\u00e4\u00dfig Ausbildungen im Gesundheitlichen und Energetischen Bereich. Da ich schon immer gerne mit Menschen zu tun hatte und mich in beratenden Situationen sehr wohl f\u00fchle, erlernte ich 2012 dann den Beruf der Fachsozialbetreuerin in Mauerkirchen, dort arbeite ich noch immer in Teilzeit. Mit meinem damaligen Partner kaufte ich 2014 ein Haus in St. Peter am Hart welches wir liebevoll renovierten. Dort entstand dann auch 2016 meine Praxis. Seit Ende 2019 wohne ich nun in Ostermiething und freue mich sehr dar\u00fcber nun wieder in meiner Heimat meine Praxis weiterzuf\u00fchren. Es macht mir nach wie vor sehr viel Freude die Menschen auf ihrem Weg ein St\u00fcck weit zu begleiten. <\/p>\n\n\n\n<p><strong>Meine Ausbildungen:<\/strong><\/p>\n\n\n\n<ul class=\"wp-block-list\">\n<li>Atlas Wirbels\u00e4ulenstabilisierung<\/li>\n\n\n\n<li>Steinheilkunde<\/li>\n\n\n\n<li>Schamanische Techniken<\/li>\n\n\n\n<li>Mediation<\/li>\n\n\n\n<li>Bachbl\u00fcten Anwendungen<\/li>\n\n\n\n<li>Reiki Grad eins und Zwei <\/li>\n\n\n\n<li>Heilstr\u00f6men<\/li>\n\n\n\n<li>Dipl. Mentaltrainerin <\/li>\n\n\n\n<li>Medizinrad<\/li>\n<\/ul>\n","protected":false},"excerpt":{"rendered":"<p>Ich wurde 1982 in Oberndorf bei Salzburg geboren und wohnte bis zu meinem siebten Lebensjahr in Tarsdorf und dann in Eggelsberg. Dort besuchte ich die Schule und erlernte einen technischen Beruf. Mit 18 Jahren zog ich dann nach Braunau und<\/p>\n","protected":false},"author":1,"featured_media":0,"parent":0,"menu_order":0,"comment_status":"closed","ping_status":"closed","template":"","meta":{"footnotes":""},"class_list":["post-52","page","type-page","status-publish","hentry"],"_links":{"self":[{"href":"https:\/\/www.rehlax.at\/index.php?rest_route=\/wp\/v2\/pages\/52","targetHints":{"allow":["GET"]}}],"collection":[{"href":"https:\/\/www.rehlax.at\/index.php?rest_route=\/wp\/v2\/pages"}],"about":[{"href":"https:\/\/www.rehlax.at\/index.php?rest_route=\/wp\/v2\/types\/page"}],"author":[{"embeddable":true,"href":"https:\/\/www.rehlax.at\/index.php?rest_route=\/wp\/v2\/users\/1"}],"replies":[{"embeddable":true,"href":"https:\/\/www.rehlax.at\/index.php?rest_route=%2Fwp%2Fv2%2Fcomments&post=52"}],"version-history":[{"count":12,"href":"https:\/\/www.rehlax.at\/index.php?rest_route=\/wp\/v2\/pages\/52\/revisions"}],"predecessor-version":[{"id":552,"href":"https:\/\/www.rehlax.at\/index.php?rest_route=\/wp\/v2\/pages\/52\/revisions\/552"}],"wp:attachment":[{"href":"https:\/\/www.rehlax.at\/index.php?rest_route=%2Fwp%2Fv2%2Fmedia&parent=52"}],"curies":[{"name":"wp","href":"https:\/\/api.w.org\/{rel}","templated":true}]}}

Über mich

<div class="wp-block-image">
<figure class="alignright"><img loading="lazy" decoding="async" width="281" height="500" src="https://www.rehlax.at/wp-content/uploads/2020/01/Profilbild1.jpeg" alt="" class="wp-image-277" srcset="https://www.rehlax.at/wp-content/uploads/2020/01/Profilbild1.jpeg 281w, https://www.rehlax.at/wp-content/uploads/2020/01/Profilbild1-169x300.jpeg 169w" sizes="auto, (max-width: 281px) 100vw, 281px" /><figcaption class="wp-element-caption">Nicole Steflitsch &#8211; Energetikerin</figcaption></figure>
</div>


<p>Ich wurde 1982 in Oberndorf bei Salzburg geboren und wohnte bis zu meinem siebten Lebensjahr in Tarsdorf und dann in Eggelsberg. Dort besuchte ich die Schule und erlernte einen technischen Beruf. Mit 18 Jahren zog ich dann nach Braunau und absolviere seit dieser Zeit regelmäßig Ausbildungen im Gesundheitlichen und Energetischen Bereich. Da ich schon immer gerne mit Menschen zu tun hatte und mich in beratenden Situationen sehr wohl fühle, erlernte ich 2012 dann den Beruf der Fachsozialbetreuerin in Mauerkirchen, dort arbeite ich noch immer in Teilzeit. Mit meinem damaligen Partner kaufte ich 2014 ein Haus in St. Peter am Hart welches wir liebevoll renovierten. Dort entstand dann auch 2016 meine Praxis. Seit Ende 2019 wohne ich nun in Ostermiething und freue mich sehr darüber nun wieder in meiner Heimat meine Praxis weiterzuführen. Es macht mir nach wie vor sehr viel Freude die Menschen auf ihrem Weg ein Stück weit zu begleiten. </p>



<p><strong>Meine Ausbildungen:</strong></p>



<ul class="wp-block-list">
<li>Atlas Wirbelsäulenstabilisierung</li>



<li>Steinheilkunde</li>



<li>Schamanische Techniken</li>



<li>Mediation</li>



<li>Bachblüten Anwendungen</li>



<li>Reiki Grad eins und Zwei </li>



<li>Heilströmen</li>



<li>Dipl. Mentaltrainerin </li>



<li>Medizinrad</li>
</ul>
