{"id":411,"date":"2020-02-05T09:44:49","date_gmt":"2020-02-05T09:44:49","guid":{"rendered":"https:\/\/www.rehlax.at\/?page_id=411"},"modified":"2023-06-16T15:05:27","modified_gmt":"2023-06-16T15:05:27","slug":"bachblueten-anwendung","status":"publish","type":"page","link":"https:\/\/www.rehlax.at\/?page_id=411","title":{"rendered":"Schmuck und Kunstgegenst\u00e4nde &#8211; Kunsthandwerksgewerbe"},"content":{"rendered":"\n<h2 class=\"wp-block-heading\">Kraftgegenst\u00e4nde, Edelsteine und Schmuck <\/h2>\n\n\n\n<p><\/p>\n\n\n\n<p><\/p>\n\n\n\n<p><\/p>\n\n\n\n<p class=\"has-black-color has-text-color has-medium-font-size\">Schmuck aus Edelsteinen und mit Symbolen  <\/p>\n\n\n\n<p><\/p>\n\n\n\n<p>Schon seit jeher nutzen wir Schmuck als Kraftgeber und als Ausdruck unseres Status und Gef\u00fchle.  Abh\u00e4ngig von der Art  des Schmuckst\u00fcckes bzw Symbolik kann  es  Schutz, Gl\u00fcck,  Balance oder tiefe Verbundenheit ausdr\u00fccken. <\/p>\n\n\n\n<p>Halbedelsteine, Polymer clay und Metalle werden in liebevoller Handarbeit zu einzigartigen Schmuckst\u00fccken verarbeitet. Neben der M\u00f6glichkeit den handgemachten Schmuck im Online Shop \u00fcber Facebook zu erwerben gibt es auch die M\u00f6glichkeit mich direkt in meiner Praxis in  Ostermiething besuchen.  Schmuckst\u00fccke k\u00f6nnen gerne besichtigt, anprobiert und nach ihren W\u00fcnschen angefertigt oder abge\u00e4ndert werde.  Ich bitte um vorherige Kontaktaufnahme und Terminvereinbarung \u00fcber WhatsApp, Email oder telefonisch.<\/p>\n\n\n\n<p>stef.nicole@gmx.at  &#8211; 0660 4859553 &#8211; Versand ist gerne m\u00f6glich<\/p>\n\n\n\n<p><\/p>\n\n\n<div class=\"wp-block-image\">\n<figure class=\"aligncenter size-large is-resized\"><img decoding=\"async\" src=\"https:\/\/www.rehlax.at\/wp-content\/uploads\/2021\/09\/20210614_100642-498x1024.jpg\" alt=\"\" class=\"wp-image-529\" width=\"-52\" height=\"-107\" srcset=\"https:\/\/www.rehlax.at\/wp-content\/uploads\/2021\/09\/20210614_100642-498x1024.jpg 498w, https:\/\/www.rehlax.at\/wp-content\/uploads\/2021\/09\/20210614_100642-146x300.jpg 146w, https:\/\/www.rehlax.at\/wp-content\/uploads\/2021\/09\/20210614_100642-768x1580.jpg 768w, https:\/\/www.rehlax.at\/wp-content\/uploads\/2021\/09\/20210614_100642-747x1536.jpg 747w, https:\/\/www.rehlax.at\/wp-content\/uploads\/2021\/09\/20210614_100642-996x2048.jpg 996w, https:\/\/www.rehlax.at\/wp-content\/uploads\/2021\/09\/20210614_100642-scaled.jpg 1244w\" sizes=\"(max-width: 498px) 100vw, 498px\" \/><figcaption class=\"wp-element-caption\">Edelsteinarmb\u00e4nder mit Glasperlen und Makrameeverschluss<\/figcaption><\/figure>\n<\/div>\n\n\n<h2 class=\"wp-block-heading\"><\/h2>\n\n\n\n<h2 class=\"wp-block-heading\">Kristalle und Edelsteine &#8211; wie wirken sie<\/h2>\n\n\n\n<p><strong>ACHAT<\/strong> &#8211; Bewahrt vor Depressionen und negativen Einfl\u00fcssen, symbolisiert Reichtum und Gl\u00fcck und besch\u00fctzt Eigentum vor Dieben, st\u00e4rkt die Willenskraft und sensibilisiert raue Menschen im Umgang mit ihren Mitmenschen<br><strong>AMAZONIT<\/strong> &#8211; Verleiht Vitalit\u00e4t und Lebenskraft<br><strong>AMETHYST<\/strong> &#8211; Best\u00e4rkt den Glauben, regt die Fantasie an, kr\u00e4ftigt wahre Freundschaften, bewirkt gerechter zu urteilen und zu handeln<br><strong>AQUAMARIN<\/strong> &#8211; Bewirkt Sympathie, st\u00e4rkt Vertrauen, Harmonie, Freundschaft, kr\u00e4ftigt das Selbstbewusstsein, in Partnerschaften vertieft er Liebe und Treue und best\u00e4rkt in schweren Zeiten<br><strong>BERGKRISTALL<\/strong> &#8211; wirkt kl\u00e4rend, reinigend, gibt Lebensmut, Klarheit, l\u00f6st Blockaden, reinigt Geist und Seele, bewirkt mehr Sensibilit\u00e4t in der Partnerschaft<br><strong>BERNSTEIN<\/strong> &#8211; Weckt Lebensfreude, bringt Licht und W\u00e4rme in das Gem\u00fct, bewirkt eine frischere und fr\u00f6hlichere Ausstrahlung, st\u00e4rkt Entschlussf\u00e4higkeit, hilft bei Ratlosigkeit<br><strong>CITRIN<\/strong> &#8211; wirkt appetitanregend, st\u00e4rkt sensible Menschen<br><strong>DIAMANT<\/strong> &#8211; Vermittelt Unzerst\u00f6rbarkeit, Klarheit und Reinheit<br><strong>FLUORIT<\/strong> &#8211; Bewirkt Heilung, Freisetzen von Energien, f\u00f6rdert Einklang mit sich selbst, Intuition, Aufnahmef\u00e4higkeit und Konzentration<br><strong>GRANAT<\/strong> &#8211; Ist ein Schutzstein vor Unheil, lindert Schmerzen, st\u00e4rkt Willenskraft und Selbstvertrauen<br><strong>H\u00c4MATIT<\/strong> &#8211; Gibt Mut und Entschlusskraft, um zielbewusster und unbeschwerter zu leben<br><strong>JADE<\/strong> &#8211; F\u00f6rdert Fruchtbarkeit, Weisheit, Gelassenheit, Kreativit\u00e4t, Freude, Lebenslust<br><strong>KALKSPAT<\/strong> &#8211; St\u00e4rkt das innere Gleichgewicht<br><strong>KORALLE<\/strong> &#8211; Konzentriert die Freude und Lebenskraft<br><strong>CARNEOL<\/strong> &#8211; F\u00f6rdert Selbstachtung, Kreativit\u00e4t, Lebensfreude und Lebensvitalit\u00e4t<br><strong>LAPISLAZULI<\/strong> &#8211; Best\u00e4rkt die Harmonie in der Freundschaft, f\u00f6rdert die Authentizit\u00e4t<br><strong>MONDSTEIN<\/strong> &#8211; Wirkt sinnlich, verf\u00fchrerisch, f\u00f6rdert die Weiblichkeit, Fruchtbarkeit und harmonisiert<br><strong>OBSIDIAN<\/strong> &#8211; F\u00f6rdert inneres Wachstum und psychische Entwicklung<br><strong>OPAL<\/strong> &#8211; Best\u00e4rkt Leidenschaften<br><strong>ONYX<\/strong> &#8211; Bewirkt k\u00f6rperliche Stabilit\u00e4t, sch\u00fctzt vor negativen Energien<br><strong>PERLEN<\/strong> &#8211; Vermitteln Reinheit, Weisheit und Integrit\u00e4t, f\u00f6rdern Konzentration und Zufriedenheit<br><strong>PERIDOT<\/strong> &#8211; St\u00e4rkt positive Lebenseinstellung<br><strong>ROSENQUARTZ<\/strong> &#8211; Nimmt \u00c4ngste, heilt die Seele, gibt Mitgef\u00fchl, best\u00e4rkt Treue<br><strong>RAUCHQUARZ<\/strong> &#8211; Verst\u00e4rkt die Willenskraft, bringt Trauernden Lebensfreude und Licht<br><strong>RUBIN<\/strong> &#8211; Gibt innere W\u00e4rme, f\u00f6rdert die leidenschaftliche Liebe<br><strong>SMARAGD<\/strong> &#8211; Verst\u00e4rkt Sch\u00f6nheit und Ehrgeiz<br><strong>SAPHIER<\/strong> &#8211; F\u00f6rdert und symbolisiert Individualismus und Unabh\u00e4ngigkeit, ein Stein f\u00fcr Liebhaber\/innen<br><strong>TIGERAUGE<\/strong> &#8211; St\u00e4rkt Willenskraft und Mut, f\u00f6rdert die Klarheit der Gedanken<br><strong>TOPAS<\/strong> &#8211; Sch\u00fctzt vor negativen Emotionen<br><strong>TURMALIN<\/strong> &#8211; F\u00f6rdert dauerhafte und feste Freundschaften und Liebe, wirkt gegen Melancholie<br><strong>T\u00dcRKIS<\/strong> &#8211; St\u00e4rkt das Selbstvertrauen, gibt Sicherheit im Auftreten, ist ein Freundschaftsstein und Besch\u00fctzer<\/p>\n\n\n\n<h3 class=\"wp-block-heading\"><\/h3>\n\n\n\n<h4 class=\"wp-block-heading\"> <\/h4>\n\n\n\n<h2 class=\"wp-block-heading\">Farben und ihre Bedeutung<\/h2>\n\n\n\n<p><strong>WEISS<\/strong> &#8211; Reinheit, Sauberkeit, Friede, Vollkommenheit, Klarheit, Erhabenheit, Unschuld, Unnahbarkeit, Empfindsamkeit, k\u00fchl, reserviert<br><strong>GELB<\/strong> &#8211; Licht, Heiterkeit, Freude, Freundlichkeit, Optimismus, Lebensfreude, Wissen, Weisheit, Vernunft, Logik, Intellekt, logisches Denken, nervenst\u00e4rkend, konzentrationsf\u00f6rdernd, entkrampfend, stressabbauend<br><strong>DUNKELGELB<\/strong> &#8211; T\u00e4uschung, Rachsucht, Pessimismus, Egoismus, Geiz, Neid, Eifersucht<br><strong>GOLD<\/strong> &#8211; Wohlstand, St\u00e4rke, Mut, Selbstvertrauen, die Herrschaft der Sonne, das M\u00e4nnliche<br><strong>ORANGE<\/strong> &#8211; Jugendlichkeit, Gesundheit, Selbstvertrauen, Aufgeschlossenheit, Spontaneit\u00e4t, Optimismus, Lebensfreude, Verspieltheit, Kontaktfreude, leichtlebig, aufdringlich, Ausschweifung, billig, unseri\u00f6s<br><strong>PINK &#8222;Magenta&#8220;<\/strong> &#8211; sanft, Idealismus, Dankbarkeit, Engagement, Ordnung, Mitgef\u00fchl<br><strong>ROSA<\/strong> &#8211; Z\u00e4rtlichkeit, Sanftm\u00fctigkeit, verspielt, lieblich, weich<br><strong>ROT<\/strong> &#8211; Liebe, Erotik, Lust, Vitalit\u00e4t, Leidenschaft, Verf\u00fchrung, aktivierend, belebend, appetitanregend, blutdrucksteigernd, Energie, Wut, Zorn, Hass<br><strong>ROT-VIOLETT &#8222;Purpur&#8220;<\/strong> &#8211; Spiritualit\u00e4t, Inspiration, F\u00fchrung, leistungssteigernd, appetitanregend, weckt Arbeitsfreude, f\u00f6rdert Geselligkeit, stimmungsaufhellend<br><strong>VIOLETT<\/strong> &#8211; Inspiration, Mystik, Magie, Kunst, extravagant, fromm, Bu\u00dfe, entspannend, Appetit z\u00fcgelnd, Nerven beruhigend, Opferbereitschaft, arrogant, unmoralisch<br><strong>BLAU-VIOLETT &#8222;Indigo&#8220;<\/strong> &#8211; Intuition, Vertrauen, Gef\u00fchle, Klarheit, Vision, Furchtlosigkeit<br><strong>T\u00dcRKIS &#8222;Cyan&#8220;<\/strong> &#8211; Wachheit, Bewusstheit, Klarheit, geistig offen, Freiheit, k\u00fchl, distanziert, Leere<br><strong>BLAU<\/strong> &#8211; Ruhe, Vertrauen, Pflichttreue, Sch\u00f6nheit, Sehnsucht, Klarheit, Kommunikation, beruhigend, entspannend, Friede, Kreativit\u00e4t<br><strong>GR\u00dcN<\/strong> &#8211; Gro\u00dfz\u00fcgigkeit, beruhigend, Sicherheit, Heilung, frisch, Gleichgewicht, Harmonie, Hoffnung, neues Leben, vitalisierend, konzentrationsf\u00f6rdernd, \u00c4ngste d\u00e4mpfend, Neid, Gleichg\u00fcltigkeit, Stagnation, M\u00fcdigkeit<br><strong>BRAUN<\/strong> &#8211; Erde, sich erden, Bodenst\u00e4ndigkeit, Zuverl\u00e4ssigkeit, solide, w\u00e4rmend, m\u00fctterlich, gutb\u00fcrgerlich, langweilig<br><strong>KASTANIENBRAUN<\/strong> &#8211; Sinnlichkeit<br><strong>GRAU<\/strong> &#8211; Neutralit\u00e4t, Vorsicht, Zur\u00fcckhaltung, Kompromissbereitschaft, Langeweile, Eint\u00f6nigkeit, Unsicherheit, Lebensangst, Trostlosigkeit, nachdenklich, sachlich, n\u00fcchtern, unaufdringlich<br><strong>SILBER<\/strong> &#8211; Weisheit, Fruchtbarkeit, Pflege, Wachstum, die Herrschaft des Mondes, das Weibliche<br><strong>SCHWARZ<\/strong> &#8211; Trauer, Leere, Einsamkeit, Schmutz, Kompetenz, Zuverl\u00e4ssigkeit, Unergr\u00fcndlichkeit, Unab\u00e4nderlichkeit, furchterregend, geheimnisumwittert, W\u00fcrde, Ansehen, feierlich, seri\u00f6s, elit\u00e4re Eleganz<\/p>\n","protected":false},"excerpt":{"rendered":"<p>Kraftgegenst\u00e4nde, Edelsteine und Schmuck Schmuck aus Edelsteinen und mit Symbolen Schon seit jeher nutzen wir Schmuck als Kraftgeber und als Ausdruck unseres Status und Gef\u00fchle. Abh\u00e4ngig von der Art des Schmuckst\u00fcckes bzw Symbolik kann es Schutz, Gl\u00fcck, Balance oder tiefe<\/p>\n","protected":false},"author":1,"featured_media":0,"parent":0,"menu_order":8,"comment_status":"closed","ping_status":"closed","template":"","meta":{"footnotes":""},"class_list":["post-411","page","type-page","status-publish","hentry"],"_links":{"self":[{"href":"https:\/\/www.rehlax.at\/index.php?rest_route=\/wp\/v2\/pages\/411","targetHints":{"allow":["GET"]}}],"collection":[{"href":"https:\/\/www.rehlax.at\/index.php?rest_route=\/wp\/v2\/pages"}],"about":[{"href":"https:\/\/www.rehlax.at\/index.php?rest_route=\/wp\/v2\/types\/page"}],"author":[{"embeddable":true,"href":"https:\/\/www.rehlax.at\/index.php?rest_route=\/wp\/v2\/users\/1"}],"replies":[{"embeddable":true,"href":"https:\/\/www.rehlax.at\/index.php?rest_route=%2Fwp%2Fv2%2Fcomments&post=411"}],"version-history":[{"count":14,"href":"https:\/\/www.rehlax.at\/index.php?rest_route=\/wp\/v2\/pages\/411\/revisions"}],"predecessor-version":[{"id":551,"href":"https:\/\/www.rehlax.at\/index.php?rest_route=\/wp\/v2\/pages\/411\/revisions\/551"}],"wp:attachment":[{"href":"https:\/\/www.rehlax.at\/index.php?rest_route=%2Fwp%2Fv2%2Fmedia&parent=411"}],"curies":[{"name":"wp","href":"https:\/\/api.w.org\/{rel}","templated":true}]}}