{"id":141,"date":"2019-12-07T18:26:24","date_gmt":"2019-12-07T18:26:24","guid":{"rendered":"https:\/\/www.rehlax.at\/?page_id=141"},"modified":"2020-01-27T12:33:22","modified_gmt":"2020-01-27T12:33:22","slug":"anfahrt","status":"publish","type":"page","link":"https:\/\/www.rehlax.at\/?page_id=141","title":{"rendered":"Anfahrt"},"content":{"rendered":"\n<p>Meine Praxis befindet sich in der Marktgemeinde Ostermiething im Oberen Innviertel und liegt\nzwischen der Stadt Salzburg und der <a href=\"https:\/\/de.wikipedia.org\/wiki\/Bezirk_Braunau_am_Inn\">Bezirkshauptstadt Braunau am\nInn<\/a>. Von\nbeiden St\u00e4dten aus betr\u00e4gt die Fahrzeit ungef\u00e4hr 40 Minuten. Westlich bildet\ndie <a href=\"https:\/\/de.wikipedia.org\/wiki\/Salzach\">Salzach<\/a> die Grenze zu Bayern. Die\nbayrische Stadt <a href=\"https:\/\/de.wikipedia.org\/wiki\/Tittmoning\">Tittmoning<\/a> ist \u00fcber eine Br\u00fccke erreichbar.\nEine Anfahrt aus Mattighofen w\u00fcrde mit dem PKW ungef\u00e4hr 30 min dauern. <\/p>\n\n\n\n<p>Ich bin\nmit meiner Praxis sehr zentral gelegen und von der Landstra\u00dfe aus gut\nersichtlich. Im selben Geb\u00e4ude befindet sich ein Friseur \u201eHoarschneider\u201c und\ngegen\u00fcberliegend steht das SHV Alten \u2013 und Pflegeheim von Ostermiething. <\/p>\n\n\n\n<p>Die genau Adresse lautet: <strong>Weilhartstrasse 56, 5121 Ostermiething <\/strong><\/p>\n\n\n\n<iframe loading=\"lazy\" width=\"600\" height=\"450\" src=\"https:\/\/www.google.com\/maps\/embed?pb=!1m18!1m12!1m3!1d2667.4657400515284!2d12.829092715828931!3d48.04334456569815!2m3!1f0!2f0!3f0!3m2!1i1024!2i768!4f13.1!3m3!1m2!1s0x4774342ae6825457%3A0x26004ad85d02fdc!2sNicole%20Steflitsch!5e0!3m2!1sde!2sat!4v1579087292685!5m2!1sde!2sat\" frameborder=\"0\" allowfullscreen=\"\" style=\"border:0;\"><\/iframe>\n\n\n\n<p><\/p>\n\n\n\n<p><strong>Anreise mit \u00f6ffentlichen Verkehrsmittel: <\/strong><br><br>Sollten Sie mit \u00f6ffentlichen Verkehrsmittel anreisen wollen, hier die jeweiligen Buslinien, die zu meiner Praxis in Ostermiething f\u00fchren.<\/p>\n\n\n\n<p><strong>O\u00d6VV<\/strong><\/p>\n\n\n\n<p><a href=\"http:\/\/www.ostermiething.at\/system\/web\/GetDocument.ashx?fileid=2412270\"><strong>\u00a0Linie 882 (Braunau &#8211; Schwand &#8211; Gilgenberg &#8211; Ostermiething)<\/strong><\/a><\/p>\n\n\n\n<p><a href=\"http:\/\/www.ostermiething.at\/system\/web\/GetDocument.ashx?fileid=2412271\"><strong>&nbsp;Linie 884\n(Ostermiething &#8211; Tarsdorf &#8211; Braunau)<\/strong><\/a><strong><\/strong><\/p>\n\n\n\n<p><a href=\"http:\/\/www.ostermiething.at\/system\/web\/GetDocument.ashx?fileid=2412344\"><strong>Linie 885 (Braunau &#8211; \u00dcberackern &#8211; Hochburg &#8211;\nOstermiething)<\/strong><\/a><strong><\/strong><\/p>\n\n\n\n<p><strong>SVV:<\/strong><\/p>\n\n\n\n<p> Linie 112 (Laufen &#8211; Oberndorf &#8211; St. Georgen &#8211; Ostermiething) <\/p>\n\n\n\n<p><strong>Anreise mit dem Zug:<\/strong><br>Mit der Salzburger Lokalbahn m\u00f6glich.<\/p>\n\n\n\n<p><strong>Anreise per Auto: <\/strong><br>nutzen Sie die obige Karte (von Google Maps) f\u00fcr eine optimale Routenplanung mit dem Auto oder klicken Sie unten auf &#8222;Jetzt Route berechnen&#8220;<\/p>\n\n\n\n<p><a href=\"https:\/\/www.google.com\/maps\/dir\/\/Nicole+Steflitsch,+Weilhartstra\u00dfe+56,+5121+Ostermiething\/@48.0433446,12.8290927,17z\/data=!4m9!4m8!1m0!1m5!1m1!1s0x4774342ae6825457:0x26004ad85d02fdc!2m2!1d12.8312814!2d48.043341!3e0\">Jetzt Route berechnen <\/a><\/p>\n\n\n\n<h2 class=\"wp-block-heading\"><\/h2>\n\n\n\n<p><\/p>\n","protected":false},"excerpt":{"rendered":"<p>Meine Praxis befindet sich in der Marktgemeinde Ostermiething im Oberen Innviertel und liegt zwischen der Stadt Salzburg und der Bezirkshauptstadt Braunau am Inn. Von beiden St\u00e4dten aus betr\u00e4gt die Fahrzeit ungef\u00e4hr 40 Minuten. Westlich bildet die Salzach die Grenze zu<\/p>\n","protected":false},"author":1,"featured_media":0,"parent":0,"menu_order":0,"comment_status":"closed","ping_status":"closed","template":"","meta":{"footnotes":""},"class_list":["post-141","page","type-page","status-publish","hentry"],"_links":{"self":[{"href":"https:\/\/www.rehlax.at\/index.php?rest_route=\/wp\/v2\/pages\/141","targetHints":{"allow":["GET"]}}],"collection":[{"href":"https:\/\/www.rehlax.at\/index.php?rest_route=\/wp\/v2\/pages"}],"about":[{"href":"https:\/\/www.rehlax.at\/index.php?rest_route=\/wp\/v2\/types\/page"}],"author":[{"embeddable":true,"href":"https:\/\/www.rehlax.at\/index.php?rest_route=\/wp\/v2\/users\/1"}],"replies":[{"embeddable":true,"href":"https:\/\/www.rehlax.at\/index.php?rest_route=%2Fwp%2Fv2%2Fcomments&post=141"}],"version-history":[{"count":13,"href":"https:\/\/www.rehlax.at\/index.php?rest_route=\/wp\/v2\/pages\/141\/revisions"}],"predecessor-version":[{"id":246,"href":"https:\/\/www.rehlax.at\/index.php?rest_route=\/wp\/v2\/pages\/141\/revisions\/246"}],"wp:attachment":[{"href":"https:\/\/www.rehlax.at\/index.php?rest_route=%2Fwp%2Fv2%2Fmedia&parent=141"}],"curies":[{"name":"wp","href":"https:\/\/api.w.org\/{rel}","templated":true}]}}